et h be w(-6). Suppose h = 5*z + 6. Calculate the remainder when 605 is divided by z.
35
Let c = 39388 - 38878. What is the remainder when c is divided by 172?
166
Let u = 663 + -173. Suppose 5*d = a + u, 2*a + 413 = 4*d - 3*a. Suppose -p + 22 = k, -k + 16 = -59*p + 61*p. Calculate the remainder when d is divided by k.
13
Calculate the remainder when 4013 is divided by 33/((-9801)/(-5373)) + (-1)/11.
17
Suppose -4*t = -147 - 189. Suppose -t*d = -79*d - 1680. Suppose -119 = -w - 4*j, -4*w + 3*j + 812 - d = 0. What is the remainder when w is divided by 30?
29
Suppose v + 2*c = 2389, 0 = 2*v + 3*v - 2*c - 11861. What is the remainder when v is divided by 88?
87
What is the remainder when 15519 is divided by (93/8)/(144/1984) + 27/(-162)?
159
Let s = 9149 + -8511. What is the remainder when s is divided by 13?
1
Suppose -19*r = -42*r + 1702. Suppose 0 = 2*d + 4*l - 148, -d + 4*l - 9*l + r = 0. What is the remainder when 214 is divided by d?
66
Suppose -247*c = -32*c - 13330. Calculate the remainder when 7934 is divided by c.
60
Suppose -3*s + 8*s = 50. Suppose 10*b - 277 = -51 + 844. Calculate the remainder when b is divided by s.
7
Let i(f) = 14*f - 74. Let x be i(6). Suppose -238 = -x*g + 762. Calculate the remainder when g is divided by 21.
16
Suppose 0 = -3*w + 3*u + 102480, -191178 + 54514 = -4*w - 4*u. What is the remainder when w is divided by 36?
35
Suppose 2*b - 3*p + 8*p - 227 = 0, -5*p + 15 = 0. What is the remainder when b is divided by 88?
18
Suppose -27*f + 24*f + 2130 = 0. Let q = f + -503. What is the remainder when q is divided by 15?
12
Let s(l) be the first derivative of -l**4/4 - 2*l**3/3 + l**2/2 + 10*l - 161. What is the remainder when 156 is divided by s(0)?
6
Suppose -748 - 264 = -46*y. Let w be -3 - (-2 - (8 + -3)). Suppose w*z - 20 = 2*j + 8, 42 = 5*z + j. Calculate the remainder when y is divided by z.
6
Let o(m) = -40*m - 4. Let r be 212/20 - (-2)/5. Suppose -10*y = -r*y + 16. Calculate the remainder when o(-2) is divided by y.
12
Suppose 4*j + 3*j = 42. Suppose 0 = 5*t + s - 5, 3*t - j = -2*s - 3. What is the remainder when 3 is divided by t?
0
What is the remainder when 280 is divided by (-3 + 2 + 3)/(-4 - 6156/(-1530))?
25
Suppose -4*p = 6*j - 100, -5*p = -5*j - 14 - 11. What is the remainder when 645 is divided by p?
8
Suppose w - 258 = -3*s, 4*s = 2*w - 504 - 62. Let q(c) = -2722*c - 19048. Calculate the remainder when w is divided by q(-7).
3
Suppose 0 = -a + 23 + 10. Let y(w) = 2*w**3 + 33*w**2 - 24*w + 16. Let z be y(-17). Suppose z = 26*x - 203. Calculate the remainder when a is divided by x.
7
Let b = -1386 + 1488. Calculate the remainder when 1222 is divided by b.
100
Suppose -4*s - 306 = 294. Let k = s - -189. Calculate the remainder when 111 is divided by k.
33
Suppose 2*l + 50*y - 1560 = 48*y, -2*l + 4*y + 1536 = 0. What is the remainder when l is divided by 67?
39
Let q(g) = -g**2 + g + 13. Let m be (-2 - -3) + 0/1 + -4. Let d(w) = -44*w - 18. Calculate the remainder when d(m) is divided by q(0).
10
Suppose -5219 = -4*x - 342 + 5431. What is the remainder when x is divided by 12?
9
Let n = 291 - -12. Suppose -r + n = -71. What is the remainder when r is divided by 63?
59
Suppose -19*o + 140 = -15*o. Calculate the remainder when 175 is divided by 3090/o - (5/(-7) + 1).
87
Suppose 10 = 5*i, 5*r - 1287 = 10*i - 11*i. Calculate the remainder when 740 is divided by r.
226
Suppose 0 = -44*k - 159*k - 187*k + 322530. What is the remainder when k is divided by 26?
21
Let g(w) = 15*w**2 - 25*w + 116. Calculate the remainder when g(6) is divided by 124.
10
Let f = 42 - 38. Let i(l) = 2*l**3 - 2*l**2 - 12*l + 36. Calculate the remainder when 166 is divided by i(f).
82
Let x(d) = -d + 3. Suppose 4*q + 20 = -z, 0 = -3*z - 7*q + 4*q - 51. What is the remainder when x(z) is divided by 4?
3
Let u(a) = -a**3 + 5*a**2 - 2*a - 7. Let b be u(3). What is the remainder when 5/25 - (-254)/b is divided by 9?
6
Suppose 0 = 4*k - k + 4*j + 215, -2*k - 115 = -3*j. Let s = k + 71. Suppose -s*n - 2 = -20. Calculate the remainder when 15 is divided by n.
0
Calculate the remainder when 124/(-620) + 2672/10 is divided by 13.
7
Suppose -1562 - 2118 = -32*x. What is the remainder when x is divided by 72?
43
Let g = -2608 - -2810. Calculate the remainder when g is divided by 190.
12
Suppose -d + 0*d + l + 48 = 0, -237 = -4*d - 5*l. Let m = -578 + 606. Calculate the remainder when d is divided by m.
25
Suppose -5*x = -0*g - g + 693, -2*g - 684 = 5*x. Let a = -91 - x. Suppose -4*n = -32, 5*n - 576 + 608 = 3*r. What is the remainder when a is divided by r?
23
Suppose 0 = -565*t + 636*t - 1065. Calculate the remainder when 2651 is divided by t.
11
Suppose 0 = 371*p - 402*p + 16833. Calculate the remainder when p is divided by 286.
257
Let g(d) = d**3 + 15*d**2 - 13*d + 56. Let y(k) = -12*k + 104. Let m be y(10). What is the remainder when 104 is divided by g(m)?
0
Let t(m) = m**3 + 15*m**2 - 12*m - 73. Calculate the remainder when t(-10) is divided by 69.
64
Let a be (-1)/((-3)/4*6/9). Suppose 0 = 3*h - a*h - 18. Suppose 15*b + 177 = h*b. What is the remainder when 293 is divided by b?
57
Let q be (-3)/(-2)*470/141. Suppose q*r - 133 - 247 = 0. What is the remainder when r is divided by 6?
4
Let a(h) = -2*h - 3. Let s be a(-3). Suppose s*l + 4*b = 2*l + 40, 0 = -3*l + 3*b + 195. What is the remainder when l is divided by 9?
6
Let k be -4785 - (45/(-40) + (-2)/(-16)). Calculate the remainder when 39 is divided by (-1)/(-7) - k/322.
9
Suppose -305 = 11*k - 865 - 793. Calculate the remainder when 476 is divided by k.
107
Suppose 0 = -3*i - 67 + 79. Suppose 0 = -i*b + 20, -5*w - 15*b = -13*b - 730. Calculate the remainder when w is divided by 29.
28
What is the remainder when 0 + 2079 + 162/135 + 20/25 is divided by 21?
2
Suppose n = 2, -4*n = -c + 3*c - 116. Suppose 2*w = w + c. Let i(d) = -3*d**3 - 6*d**2 + 5*d + 7. Calculate the remainder when w is divided by i(-3).
16
Let f = -25 + 29. Let w be 102/85*410/f. Let r = w - 68. What is the remainder when r is divided by 14?
13
Suppose -848 = -37*j + 33*j. Suppose 2*p - 3*a + 452 = -2*p, 2*p - 5*a = -j. What is the remainder when 76 is divided by -3 - (p/(-2))/(-2)?
24
Let k(v) = -33*v + 113. What is the remainder when 489 is divided by k(3)?
13
Let v = -10599 + 16627. What is the remainder when v is divided by 15?
13
Let d(m) = 3*m**2 - 2*m - 109. What is the remainder when 1499 is divided by d(13)?
11
Suppose -k - 3*x - 21 = k, -2*x = 2*k + 16. Let h = -124 - -131. What is the remainder when 6*3/(-2)*k is divided by h?
6
Suppose -52*s + 5560 + 2448 = 0. Calculate the remainder when s is divided by (-8)/(-3)*(1 + 14).
34
What is the remainder when -473 + 1056 + -5*(0 + -1) is divided by 588?
0
Suppose 62 = -3*q + 44. Let x(n) = -5*n**2 - 3 - 5 - n**3 - 5 + 12 - 5*n. Calculate the remainder when x(q) is divided by 17.
14
Let g be (460/15)/((-2)/(-6)). Suppose 0 = 9*y + g - 425. What is the remainder when y is divided by 26?
11
Let y(l) = -2*l**3 + 45*l**2 - 13*l - 161. Calculate the remainder when y(22) is divided by 3.
1
Let m(f) = 22456*f + 38 - 22338*f + 40. What is the remainder when m(8) is divided by 33?
32
Let x(b) = -27*b**2 - 11*b + 20. Let a be x(2). Suppose 4*z + 123 = 355. What is the remainder when z is divided by (36/(-10))/(33/a)?
10
Let r(p) = -p**3 + 7*p**2 - p - 11. Let b(v) = v**3 + 23*v**2 + 6. Let c be b(-23). What is the remainder when 94 is divided by r(c)?
18
Suppose 8*w + 4314 = 43*w - 2266. What is the remainder when w is divided by 38?
36
Let t(n) = -n**2 + 20*n - 19. Let m = -96 - -114. Calculate the remainder when ((-928)/(-24))/(2/3) is divided by t(m).
7
Suppose -43*m + 8878 - 6181 + 16352 = 0. Calculate the remainder when m is divided by 35.
23
Let m(i) = 2*i**3 - 15*i**2 + 10*i - 12. Let d be m(7). Let f(y) = -y**3 + 8*y**2 + 8*y + 16. What is the remainder when 79 + 0 + (1 - -1) is divided by f(d)?
4
Let q = 310 + -308. Suppose 51 = 3*n - 2*t - q*t, -3*t = 0. Calculate the remainder when ((-6)/2)/((-2)/42) is divided by n.
12
Let x(v) = v**3 - 11*v**2 - 4*v + 3. Let j be x(12). Let z = j + -116. What is the remainder when z/(-1) + (9 - 5) is divided by 6?
3
Suppose 76*w - 88*w + 336 = 0. Calculate the remainder when 111 is divided by w.
27
Suppose -4*r - 2*w =